 - (1 - -1)
-38
Evaluate 40 + 46 + -43 + -29.
14
Evaluate 16 - (-40 + -1) - 95.
-38
Evaluate 92 + -172 + 43 + -1 + 18 - 2.
-22
Evaluate 12 + (9 - 3) - 10 - (-21 - (5 - 8)).
26
-5 + -71 + 28 + -23 - (-14 + 0) - 3
-60
Calculate (43 + -31 - -59) + -75.
-4
What is the value of -36 - -23 - (35 - 14)?
-34
What is -3 + 30 - (28 + -76 + -19 + 53)?
41
Calculate -1229 - -1226 - (-2 - (12 - 1)).
10
What is (-28 - -22) + 11 + -3 - (-5 - (-3 - -65))?
69
What is the value of 38 + (-64 - (-57 - -1)) + (4 - 3 - -1)?
32
Evaluate (6 + 0 + -5 - -38) + (-10 - -10) + 5.
44
What is the value of (6 + -13 - 33 - -1) + (16 - 8)?
-31
104 - (-55 - -132 - 27)
54
What is 50 + -3 + (7 - (-13 - (-28 - 3)))?
36
Evaluate (-3 - (5 + (-2 - 1) + -11)) + -1095 + 1097.
8
-9 - (-11 + 37) - (8 + 0 - (-8 - -20))
-31
What is the value of 31 - 76 - -91 - -84?
130
Calculate 71 + 31 + 5 + -55.
52
Evaluate (-2 - -36) + (-524 - -504).
14
What is the value of 2 - (-32 + 4) - 3 - (-50 + 54)?
23
Evaluate (-217 - -292) + -6 + 5 + -23.
51
Calculate (-1 - (3 - 10)) + (-30 - (-5 + -8)).
-11
Evaluate -29 - (-38 + -12 - -28) - 0.
-7
What is -68 + (8 - (3 - 1 - (-4 + -12 + 16)))?
-62
What is the value of ((-2 + -11 - 16) + 23 - (-1 - 5)) + 52?
52
Evaluate 741 + -701 + -42 + -3.
-5
Calculate (-11 - (10 + 98)) + (15 - (-9 + 8)).
-103
Calculate -13 + -37 + (-37 - -75) - -5.
-7
-108 - (53 + 4 + 10 - 21 - 23)
-131
33 - 2 - (-15 + 34 + 4 + -36)
44
What is the value of (116 + -20 - 110) + 88?
74
(2929 - 2948) + 1 + 11
-7
What is (73 + -192 - -58) + (-1 - 0) + 0 + -3?
-65
What is the value of -16 + (64 - -42) - 181?
-91
-724 + 687 + -6 + 1 - (0 - 7)
-35
What is the value of 8 + 52 + (-100 - 32)?
-72
Evaluate 7 + (2 - (41 - 7) - -5).
-20
Evaluate -26 + 15 - (42 + (-57 - -19)).
-15
What is 116 - 127 - (2 - 13) - 49?
-49
What is the value of -9 + -4 + -24 + 12 + 15 + -14?
-24
What is the value of 25 - (61 + 42) - (-1 - -8)?
-85
What is (-1 - -99) + (11 + 69 - 91)?
87
(-16 - (-12 - 2)) + (10 - 42)
-34
(10 + 10 - 12 - 16) + (6 - -18)
16
What is the value of -4 + 4 + -3 - (-4 - 0) - (229 - 203)?
-25
What is the value of 5 + -10 + (-2 + (2 - -6) - 1) - -32?
32
Evaluate 35 + 17 + -73 + 7.
-14
Evaluate (-51 - -52 - (-1 - 0)) + -4 + (19 - 20).
-3
What is the value of -59 - 3 - -25 - 57?
-94
What is -8 + (-5 - -10) + -6 - (269 + -206)?
-72
What is 53 + (-32 - (57 - 9))?
-27
Calculate (1 + -4 - (2 + 18)) + (25 - 13).
-11
Evaluate -11 + 2 + -15 + -1 + 22.
-3
Evaluate (12 - -47) + (24 - -2) + -14.
71
What is the value of -69 - (-33 + 6 + (12 - 9) - -10)?
-55
What is -70 + 71 + (1 - 4) - (-28 + 34)?
-8
(-47 - 1) + (-4360 - -4407)
-1
What is the value of -738 + 729 + (-1 + -2 - (5 + 8 + 55))?
-80
What is the value of -58 - (9 + (9 - 51)) - 7?
-32
What is (-1435 - -1436) + 8 + -5 + -88 + 0?
-84
(-62 + 87 - 25) + 30
30
-62 + 1 - (-312 + 389 + -27)
-111
What is -2 - -7 - (7 - 19 - (70 - (-5 - 7)))?
99
19 + 1 + 133 + (135 - 311)
-23
Evaluate -9 + (-8 - -3) + 9 - (5 + -10 + 79).
-79
What is 12 + -13 + 9 + -3 + (-39 - 9)?
-43
Calculate -13 + (2 - -48) + 30.
67
Calculate 44 + -20 + 17 + 3 + -6 + 2.
40
(12 - 0) + -38 + -29 + 56 + 12 + 53
66
-8 + (-1 + 23 - (9 + 20 - 40)) - -9
34
(1 - 2) + (-19 - -10) + 69 - -6
65
What is the value of 1 + -13 + (-640 - -680) + -59?
-31
Calculate 30 + 63 + -35 + -13.
45
What is -3 + (-9 - -1 - -13) + -2 + -102 - -12?
-90
What is (4 - 0) + (-7 - -10 - 9) + (0 - -13)?
11
What is the value of 16 + (-1 - (-4 - -2)) + (953 - 1087)?
-117
Evaluate -20 + -40 + -16 + 25 + -17.
-68
37 - (53 - (-22 + 59))
21
What is -19 - (15 + (-9 - 89) + 10 - -1)?
53
-38 + -19 + 73 - (-1 + -67 + -2)
86
Calculate -46 - -2 - ((-15 - -24) + -20).
-33
What is the value of -4 - -15 - (-9 + (-8 + 6 - 13) + 13)?
22
Calculate -536 + 536 - (1 + -1) - 17.
-17
What is the value of -12 + (-6 - -5 - -4) + (0 - -15) + 17?
23
What is 8 + -6 + 8 - (3 - 0 - (64 - 11))?
60
What is 44 + 69 + -82 + 15?
46
1 + 28 - (-106 + 108 + -9)
36
Calculate 101 + 18 - (-175 - -221).
73
Evaluate (61 - 80) + (2 - 8 - (29 - 30)).
-24
What is the value of -67 + 75 + (1 + 3 + 2 + -52 - -5)?
-33
What is 105 - -61 - (173 - 62)?
55
3 + 26 + -9 - 12 - -7 - (-12 - -2)
25
What is 1 + -3 + -48 + 32 - 35?
-53
-2 - (38 - 42 - (0 - 10)) - (4 - 53)
41
Calculate 45 + 13 - (4 - (8 + -15)).
47
What is the value of -1 + 0 + -20 + (-209 - -246)?
16
What is -32 - (50 - 0 - 78)?
-4
What is -17 - (-17 + (4 - 5 - -2))?
-1
What is the value of (14 - (4 + -13)) + -38 - -59?
44
What is 32 - (-99 + (126 - 62))?
67
What is 14 + 10 + (1 + -11 - (2 - 14 - -3))?
23
What is the value of 84 + -181 + 165 + -134?
-66
What is the value of -13 + 5 + (-14 - 16)?
-38
What is the value of 0 - 78 - (-24 + 0 + (-20 - -26) + 21)?
-81
Evaluate 7 - (6 - 7 - (-38 + 2) - (-22 + 24)).
-26
(-8 + -75 - -60) + 0 + -12
-35
Evaluate 23 - (20 + -53 + 39) - (95 + 1).
-79
Evaluate (-8 - (13 + -11)) + 31 + (0 - -11).
32
What is the value of (-3 - -3 - 2) + 25 + (413 - 410) - -6?
32
Evaluate (-21 + 63 + -5 - 57) + -57.
-77
Calculate 2 - (8 - 26) - 32 - 23.
-35
What is the value of -21 + -18 + 16 + -5 - (-3 - (2 - 3))?
-26
What is the value of 1788 + -1730 + (-4 - 188)?
-134
Evaluate 15 + (11 - (11 + -19 - 12)).
46
What is (34 - -2) + -37 + 16?
15
What is the value of -11 + 5 + 14 - (-41 - -23 - -26)?
0
What is the value of -15 - -14 - (-61 - -29) - 153?
-122
What is (0 + -2 - -28) + 341 + -351 - 113?
-97
What is -58 + -1 - ((-3 - (14 + -7 - 3)) + 11)?
-63
What is -3 + (-1 - (-56 - 1)) + 789 + -784?
58
(32 + -18 - (-3 + 1)) + (-70 - 1)
-55
Evaluate 12 + -1 + 105 + 24 + -68 - 5.
67
-11 + -71 - (487 + -512)
-57
Evaluate (-104 - -92) + (9 - -1) + 8 - (2 + 13).
-9
Calculate 40 - (12 - (-10 + 18)).
36
Calculate 35 - 19 - (25 + -26 + -16 + 32).
1
What is the value of -93 + 62 + -39 - -51?
-19
What is 67 - (1 + 4 + (-111 - -121))?
52
Calculate (5 - (4 - -1)) + (738 - 741).
-3
What is the value of (-52 - -13 - (7 + -25)) + 72 + -4?
47
9 + -6 + (-12 - (2 + -1)) + 378 + -317
51
Evaluate (61 - (76 - -7)) + 53 + 2.
33
What is the value of -8 - (3 + (-11 - -1) + 3 + 11 - 9)?
-6
What is (-15 + 46 - -92 - 36) + -36?
51
Evaluate (-25 - 6) + 28 + 47.
44
Evaluate 45 + (-2 - (3 + -2)) + (-23 - -121) + -97.
43
Calculate 6 + -15 - -17 - -14.
22
What is the value of 125 - (6 + 91) - 3?
25
What is the value of 493 + -518 - (8 - (-43 - 1))?
-77
What is (9 - (-9 + 22)) + 28 + (-22 - -11 - -9)?
22
What is the value of 1 - -73 - (-121 - -268 - 150)?
77
What is (-16 - -10 - -9) + 3 - (-174 - -48)?
132
What is the value of -12 + (15 - -5) + (4 - -11 - (4 - -3))?
16
What is the value of 1 + 146 + -1 - (-571 - -939 - 346)?
124
Calculate 20 - (31 - 5) - -6 - (-1 + -3 + 46).
-42
What is (-3 - 10) + (4 - 59) + (70 - 54)?
-52
What is 2341 + -2305 + (24 - -1)?
61
What is 37 - (13 - -8 - 14 - 36)?
66
What is the value of -9 + ((8 - -25) + 6 - 18)?
12
Calculate 10 + 8 + (6 - 14) + (2 - -17) + 43.
72
Evaluate 4 - (57 + -15) - (-33 + -14).
9
What is the value of (1 - -78) + -2018 + 2004?
65
What is -41 + 35 + 78 + -163?
-91
What is the value of -86 - 0 - (-5 - (-12 + (17 + 7 - 14)))?
-83
What is -22 - (-120 + -20 + 73)?
45
Calculate 9 + -1 + -18 + -33 + -4 + -7.
-54
-10 - -4 - (42 + (-72 - 42))
66
What is 44 - (18 - 13 - -17 - 22)?
44
Evaluate 8 - ((89 - 91) + (1 + -4 - -43)).
-30
Calculate (23 + 29 - (39 - -15)) + 0 + -2.
-4
What is 53 - 4 - -1 - (-74 - (-66 + -12))?
46
What is the value of -5 + -9 - (-16 + -1) - -50?
53
(1 - -13 - ((11 - 27) + 16)) + (1 - 97)
-82
What is the value of -32 + (35 - 30) + (9 - (-2 - -36))?
-52
What is -17 + -22 + (-15 - -22) + 33 + 58?
59
30 + -56 + 20 - -51
45
9 + -27 - -14 - (-16 + 4)
8
What is the value of (-3 - 4 - -1) + (-20 - 11) + 5?
-32
What is the value of 6 + (-19 - (124 + -79))?
-58
Evaluate -438 - -477 - (3 - -41) - (-1 + 0 - -4).
-8
Evaluate -43 + 52 + 50 - 53.
6
Calculate (1 - 41) + (311 - (-29 - -367)).
-67
What is -835 + 869 - (73 + -3)?
-36
-83 + 2 + (-44 + 86 - 54)
-93
What is 0 - 1 - -91 - (-21 - -22 - (1 - -9))?
99
Calculate (-26 - (-2 - 31)) + -41.
-34
What is the value of -19 + (13 - (10 + -10) - 16) + -7?
-29
Calculate -1489 - -1501 - (-34 + (1 - -3)).
42
What is the value of (1 - -28) + 150 + -157 + -8 - 24?
-10
What is the value of (-12 - -1) + -62 + (-1 - (-13 + (-18 - -16)))?
-59
What is (-7 -